= 130. What is the units digit of 7/(-14) - s/(-4)?
2
What is the tens digit of (1/(-2))/(3/(-282))?
4
Let j = -8 + 8. What is the units digit of j + (-2 - -3) + 2?
3
Let h(j) = -14*j + 11. Let g(o) = 5*o - 4. Let k(d) = 17*g(d) + 6*h(d). Suppose 4*u + m = -u + 33, -3*u = 5*m - 33. What is the units digit of k(u)?
4
Let r = 128 + -38. What is the tens digit of r?
9
Let s = 77 - 26. What is the tens digit of s?
5
Let h be ((-1)/2)/((-2)/44). Let f = 18 - h. What is the units digit of f?
7
Suppose -p - 4*k - 6 = 0, -4*k - k = 4*p + 2. Suppose -3*c - p*c = z - 135, z = 0. What is the units digit of c?
7
Suppose 6 - 9 = -h. Let c = 32 - h. What is the tens digit of c?
2
What is the hundreds digit of (-101859)/(-437) + 2/(-23)?
2
Let y(n) = -5*n - 1. Let j be y(-1). Suppose 0 = -5*d - 4*b + 50, 3*d = -2*d + 2*b + 50. Let x = d - j. What is the units digit of x?
6
Let c be (-2 + -3)*(-4)/10. What is the units digit of c/6 + 10/15?
1
Suppose -68 - 227 = -5*u. Suppose -5*i - 2*h + 0*h = 81, -3*i + 4*h - u = 0. What is the tens digit of 0/1 - (2 + i)?
1
What is the units digit of (-2363)/(-34) + (-6)/(-4)?
1
Let i(g) = -g**3 + 12*g**2 - 10*g - 2. Let f be i(11). Suppose 4*s - 16 = 4. Let q = f - s. What is the units digit of q?
4
Suppose 4*f + 3 - 19 = 0. What is the units digit of f?
4
Suppose 9*w + 4 = 11*w. Suppose w*t - 75 = -t. What is the units digit of t?
5
Let p(m) = -m**3 + 7*m**2 + 9*m - 9. What is the tens digit of p(6)?
8
Suppose 0 = -13*i + 278 - 44. What is the units digit of i?
8
Let v be (-27)/6*(-2)/3. Let k be -27*((-5)/v + 1). Suppose -3*x = -5*a - 33, -a + k = x - 5*a. What is the units digit of x?
6
Let r(v) = v**3 - 2*v**2 - v. Let t be r(2). Let k = -1 - t. What is the units digit of k?
1
Suppose -2*d + 6 = -0*d. Suppose 4*l - 51 = 2*q - 7*q, -l - d = -q. What is the units digit of q?
7
What is the tens digit of (-162)/12*4/(-3)?
1
Suppose -u + 4 = u. Let i = -38 - -66. Suppose 0 = -2*g - u*g + i. What is the units digit of g?
7
Let u(r) = -5*r - 14. What is the units digit of u(-6)?
6
Let t(i) = i**2 - 4*i + 5. Let y be t(6). Let a be (-4)/6*(0 - 24/(-2)). Let f = y + a. What is the units digit of f?
9
Let s = 235 - 97. Let u be 2 + 0 - s/(-6). Suppose 17 + u = 2*h. What is the units digit of h?
1
Let r(o) = 2*o + 2*o**2 - 4*o**2 - 10 + o**2 - 13*o. Let c be 1*2*27/(-6). What is the units digit of r(c)?
8
Let y(j) = j**2 - 2*j - 1. Let s be y(5). Let x be s/4 - (-6)/4. Let o = x + -4. What is the units digit of o?
1
Let j(m) = m**3 + 22*m**2 + 13*m - 23. What is the tens digit of j(-21)?
4
Let k be 3/(1/(-4) + 1). Suppose -2*n + k = -4. Suppose -n*u = u - 60. What is the tens digit of u?
1
Let z = 8 - 8. What is the units digit of 2/(2 + z) - -3?
4
Let n be -26*1/1*-1. Suppose -3*q + 5*q = 2*b + n, -3*b = 0. What is the units digit of q?
3
Suppose 63 = 6*b - 3*b. What is the units digit of b?
1
Let f be (-19)/(-6) + (-10)/60. Suppose 4*x - 5*p = 2, -3*p = -f*x - 0 + 3. Suppose 0 = -5*v + 4*c + 31, 2*v + x*c = 8*c + 9. What is the units digit of v?
7
Suppose 3*u = u + 260. What is the units digit of u?
0
Let u = 14 - -59. What is the tens digit of u?
7
Let i = -9 - -38. What is the tens digit of i?
2
Let s = 236 - 79. What is the tens digit of s?
5
Let z(r) = -6*r - 14 + 5 + 3*r**2 - 3*r - 4*r**2. What is the units digit of z(-7)?
5
Let n = 79 + -44. What is the tens digit of n?
3
Let n = 3 - 3. Suppose n = -4*f + 88. What is the tens digit of f?
2
Let s = 1 - 1. Let z(m) = 2*m + 5 - m - 2*m. What is the units digit of z(s)?
5
Let k(m) = m**2 + m + 6. Let n(o) = -4*o**3 + o**2. Let t be n(-1). What is the tens digit of k(t)?
3
Suppose 5*k = 7 - 17. Suppose -r + 3*q + 9 = 0, -2*r + 0*q + 8 = -q. Let s = r + k. What is the units digit of s?
1
Let d(x) = -3*x - 5. Let g be d(-3). Suppose -2*t - 2*b - 12 + 46 = 0, g*t - 70 = -3*b. What is the units digit of t?
9
Suppose 4*p = -4, -4*x + 0*p = -2*p - 2. Suppose x*j + 5*j - 25 = 0. What is the units digit of j?
5
Let s be (-1)/(1/(-153)*1). Let m be s/21 + (-2)/7. Suppose m*w - 16 = 3*w. What is the units digit of w?
4
Let k = 7 - -4. Let g(n) = n**3 - 12*n**2 + 14*n - 10. What is the units digit of g(k)?
3
Let v(j) = -j**2 - 5*j. Let o be v(-5). Let i be 3*(-3)/(-18)*o. Suppose -3*u - u + 16 = i. What is the units digit of u?
4
Suppose -3*x = 3*z - 105, 5*z = 4*z + 5*x + 29. Suppose -3*r = -5*a + 37, 6*a = 2*a - 2*r + z. What is the units digit of a?
8
Let f = 72 + -32. What is the units digit of f?
0
Let o = 0 + 27. Let f = -16 + o. Suppose 0*x + f = x. What is the tens digit of x?
1
What is the units digit of ((-4)/6)/((-1)/(13 - 1))?
8
Let c(n) = n**3 + 3*n**2 + 2*n + 1. Let k be c(-3). What is the units digit of (6 + k)*(-15)/(-1)?
5
Suppose 3*v - 6*v = -216. Suppose 0*m = 4*m - v. Suppose 0*r + 3*r = m. What is the units digit of r?
6
Let y(h) = 27*h. Let p be y(1). Suppose -8*f = -4*f - 3*a + 14, 5*f + a + p = 0. Let d(j) = j**3 + 6*j**2 + 4*j - 1. What is the units digit of d(f)?
4
Suppose 8 = 2*u, -1 = -r + 3*u - 3. What is the tens digit of r?
1
Let h be -2 - -4 - 5/(-5). Suppose -h = n - 15. What is the tens digit of n?
1
Let t(m) = -7*m**3 - m**2 - m - 3. What is the units digit of t(-3)?
0
What is the tens digit of (3*-1)/((-8)/128)?
4
Let z be (-2)/(-9) + (-50)/(-18). Suppose z*v + 2 - 17 = 0. What is the units digit of v?
5
Let z(h) = -h**2 - 8*h + 7. Let q be z(-7). Suppose -2*l + q = -134. What is the units digit of l/8 + (-1)/4?
9
What is the units digit of 65/10 - 4/8?
6
Suppose 0*n = 2*n - 74. What is the units digit of n?
7
Suppose -2*z - 27 = -9. What is the units digit of 10/(-45) - 146/z?
6
Let t(s) = -2*s - 10*s + 3*s. Let q(x) = -x**2 - x + 1. Let f be q(-2). What is the units digit of t(f)?
9
What is the hundreds digit of 2 - (5 - (3 + 239))?
2
Let k = -2 + 5. Suppose -k*o + 10 = 2*o. Suppose -4*d = -o*v - d + 17, -v + 4*d = -11. What is the units digit of v?
7
Suppose -k + 30 = 2*k. Suppose -n + 3*n - k = 0. What is the units digit of n?
5
Suppose 6*g + 104 = 884. What is the hundreds digit of g?
1
Let p(w) = w**3 - 7*w**2 + w - 3. Let n be -5 - (-5)/((-15)/(-6)). Let f(q) = q**2 - 2. Let z be f(n). What is the units digit of p(z)?
4
Let h(p) = 28*p + 33*p - 2 + 3. Let c be h(1). Suppose 4*i - c = -2*d, i - 2 = -3*d + 1. What is the units digit of i?
8
Let f(l) = l + 9. Let u(d) = -4*d - 26. Let q(a) = 7*f(a) + 2*u(a). What is the units digit of q(0)?
1
Let t = 133 - 85. Let z = t - 29. What is the tens digit of z?
1
Let o(d) = -d**2 + 4*d - 3. Let b be o(3). Suppose -4*u + 10 = u. Suppose 4*k - u*r - 14 = b, k - 2 = -r + 3. What is the units digit of k?
4
Suppose 7 = 3*c - 5. Suppose c*b + 64 = 4*l - 0*b, 59 = 4*l - 3*b. Suppose -q + 3*v = -0*v - l, -4*q = -v - 44. What is the tens digit of q?
1
Suppose -290 = 2*s - 7*s. What is the units digit of s?
8
What is the tens digit of (-4)/2 - (-31)/(62/540)?
6
Suppose 0*n = -3*n + 9. Let p(t) = -t**3 + 6*t**2 - 5*t + 2. Let f be p(n). Let i = f + -6. What is the units digit of i?
8
Let z(n) = n**3 - n - 3. Let o be z(3). Suppose 0 = -q + 5, 3*f - 6*f - 3*q = -o. Suppose m - 24 = -f*m. What is the units digit of m?
8
Let n(p) = -p + 6. Suppose 5*z + 2*v = 30 + 12, -2*v - 8 = 0. Let b = -5 + z. What is the units digit of n(b)?
1
Let s = 6 + -3. Let j(a) = -a**3 + 3*a**2 + 2*a + 4. What is the units digit of j(s)?
0
Let t = 4 + -4. Suppose -a + 27 = -t*a - u, -5*a + 145 = -3*u. What is the units digit of a?
2
Let g = -10 + 6. Let v(a) = 3*a**3 - 3*a**2 + 2*a. Let j(n) = 2*n**3 - n**2 + n. Let r(u) = 5*j(u) - 3*v(u). What is the units digit of r(g)?
4
Suppose -3*j + 43 = l, -3 = -l + 5*j - 0. What is the tens digit of l?
2
Suppose x - 1 - 3 = -4*w, -3*x + 5*w - 22 = 0. Let r = x - -7. Suppose 9 = 3*c + r. What is the units digit of c?
2
Let f = 12 + -12. Let p(y) = 4*y + 3 + 6 - 3*y. What is the units digit of p(f)?
9
Suppose -l + 6*l - 10 = 0. Suppose l*p - 2 = 0, -3*p + 6 + 1 = g. What is the units digit of g?
4
Suppose -6 = -5*f + 4. Suppose 2*j = -j + x + 34, 2*x = -f*j + 28. What is the units digit of j?
2
Let c(m) = -m**2 - 10*m - 9. Let i(v) = v**3 + 6*v**2 + 7*v + 3. Let z be i(-5). What is the tens digit of c(z)?
1
Let g = -37 + 74. What is the units digit of g?
7
Let c be 257/(-5) - (-14)/35. Let j = c